- h + 17. Determine y(-10).
27
Let k(d) = 3*d**2 - 46*d - 2232. What is k(36)?
0
Let x(f) = -94*f - 149. Give x(-3).
133
Let z(w) = -w**3 - 11*w**2 - 22*w + 9. What is z(-3)?
3
Let h(r) = 2*r**3 - 32*r**2 - 39*r + 54. Determine h(17).
-31
Let m(v) = -174*v - 3823. What is m(-22)?
5
Let t(x) = -2*x**3 + 94*x**2 - 89*x - 172. Give t(46).
-34
Let t(q) = 29*q - 639. Give t(23).
28
Let i(a) = 279*a + 3338. Give i(-12).
-10
Let t(x) = 5*x**3 - 5*x**2 + 6*x + 98. Give t(4).
362
Let a(m) = -2*m**2 - 39*m - 196. What is a(-11)?
-9
Let w(k) = 3*k**3 + 2*k**2 - 14*k + 19. Give w(3).
76
Let g(n) = 2*n**2 - 441*n - 14759. Give g(250).
-9
Let o(g) = 4*g**3 + 14*g - 33. Determine o(4).
279
Let b(t) = -2*t**2 - 104*t + 10. Give b(-52).
10
Let v(i) = i**3 - 107*i**2 + 114*i - 842. What is v(106)?
6
Let n(g) = g**3 - 23*g**2 + 21*g + 430. Give n(21).
-11
Let v(y) = -94*y - 557. What is v(-6)?
7
Let b(z) = -225*z + 2701. Give b(12).
1
Let g(k) = k**3 - 37*k**2 + 122*k - 687. Give g(34).
-7
Let c(k) = k**2 + 208*k - 9886. Determine c(40).
34
Let t(q) = q**2 + 22*q - 7. What is t(20)?
833
Let p(v) = 37*v + 211. Calculate p(-6).
-11
Let h(b) = -b**2 - 8*b - 54. Give h(-10).
-74
Let k(j) = -4*j**2 + 152*j - 151. Calculate k(1).
-3
Let p(c) = 608*c - 3648. Determine p(6).
0
Let f(o) = 44*o + 577. What is f(-13)?
5
Let g(m) = -835*m + 7518. Calculate g(9).
3
Let h(c) = -2*c**2 - 3*c - 20. What is h(0)?
-20
Let q(g) = -6*g**3 - 220*g**2 + 88*g + 511. Determine q(-37).
-7
Let n(z) = 46*z**3 - 5*z**2 - 6*z + 2. Calculate n(-2).
-374
Let d(a) = -a**3 - 7*a**2 - 899*a - 1782. What is d(-2)?
-4
Let i(l) = l**3 + 138*l**2 - 153*l - 1972. What is i(-139)?
-26
Let l(d) = 164*d**2 - 665*d + 2. What is l(4)?
-34
Let y(u) = 2*u**2 + 157*u + 807. Determine y(-5).
72
Let r(w) = -w**2 - 461*w - 4036. Determine r(-9).
32
Let y(u) = u**3 - 50*u**2 + 343*u - 23. What is y(8)?
33
Let j(x) = -x**3 - 44*x**2 - 2*x - 85. Determine j(-44).
3
Let v(n) = -2*n**2 - 50*n - 112. What is v(-21)?
56
Let a(q) = 94*q - 2583. What is a(27)?
-45
Let q(d) = 26*d**2 + 69*d - 20. Give q(-3).
7
Let n(x) = -32*x + 2. What is n(-4)?
130
Let j(g) = 23*g + 1433. Determine j(-63).
-16
Let d(i) = -3*i**2 - 18*i + 1844. What is d(22)?
-4
Let r(q) = -q**3 - 58*q**2 + 836*q - 277. Calculate r(-70).
3
Let k(a) = -31*a - 817. Determine k(-26).
-11
Let b(m) = -m**2 + 11*m - 22. What is b(3)?
2
Let u(j) = -11*j**3 + 8*j**2 - 8*j + 1. Give u(1).
-10
Let w(p) = p - 27. Calculate w(-32).
-59
Let t(g) = -10*g**3 + 48*g**2 - 49*g + 2. Give t(1).
-9
Let c(y) = y**3 + 12*y**2 - 234*y - 925. Determine c(-21).
20
Let i(s) = 15*s**2 - 117*s + 7. Give i(8).
31
Let a(m) = -3*m**3 - 17*m**2 - 9*m - 81. Give a(-6).
9
Let i(r) = 3*r**2 + 123*r + 354. What is i(-3)?
12
Let y(f) = 2*f**2 - 98*f - 25. Give y(47).
-213
Let z(d) = -22*d - 31. Calculate z(-10).
189
Let t(k) = -6749*k - 310457. Calculate t(-46).
-3
Let f(r) = -r**3 + 40*r**2 - 147*r + 123. Determine f(36).
15
Let k(m) = -3539*m - 38926. Calculate k(-11).
3
Let q(y) = -12*y + 909. Calculate q(75).
9
Let c(x) = -2*x**3 + 7*x**2 + 52*x + 1. Give c(8).
-159
Let h(s) = s**3 - 57*s**2 + 780*s - 222. Give h(22).
-2
Let z(f) = -1678*f - 6713. Give z(-4).
-1
Let o(k) = 37*k - 300. Determine o(8).
-4
Let b(c) = 49*c + 1101. What is b(-21)?
72
Let r(d) = 2*d**2 + 60*d - 434. What is r(-36)?
-2
Let s(r) = -6132*r - 30668. Determine s(-5).
-8
Let h(n) = 263*n**2 + 4732*n - 40. Determine h(-18).
-4
Let x(c) = c**3 + 25*c**2 + 102*c + 5. Determine x(-5).
-5
Let b(y) = y**2 + 110*y + 2127. What is b(-25)?
2
Let d(t) = -2*t**2 - 43*t + 307. Determine d(-33).
-452
Let h(c) = 19*c**2 + 1480*c - 124. Give h(-78).
32
Let u(c) = -34*c + 1479. What is u(44)?
-17
Let d(p) = -p**3 + 128*p**2 + 2*p - 247. Calculate d(128).
9
Let k(l) = 2*l**2 + 77*l - 472. Calculate k(-40).
-352
Let f(r) = r**3 - 27*r + 134. Give f(0).
134
Let q(w) = -w**3 + w**2 + 105*w - 63. What is q(11)?
-118
Let k(s) = -20*s**2 + 135*s + 6. Determine k(7).
-29
Let i(z) = -2*z**2 - 206*z + 634. Give i(3).
-2
Let s(x) = 2*x**2 - 81*x - 324. Give s(44).
-16
Let u(k) = 109*k - 1055. Give u(7).
-292
Let u(z) = z**3 + 9*z**2 - 20*z + 17. Calculate u(-11).
-5
Let s(q) = 263*q + 1491. Determine s(-8).
-613
Let w(i) = -3*i**2 - 755*i + 7034. Calculate w(9).
-4
Let f(o) = 3*o**3 + 7*o**2 + 6*o - 47. Calculate f(-6).
-479
Let j(p) = -198*p**3 + 2*p**2 - 11*p - 12. Give j(-1).
199
Let f(g) = -g**2 - 139*g - 1509. What is f(-127)?
15
Let b(y) = -9*y**3 + 45*y**2 + 54*y + 32. Calculate b(6).
32
Let x(y) = 7*y**2 + 372*y - 2454. Determine x(6).
30
Let f(t) = 27*t - 100. Calculate f(7).
89
Let p(t) = -2*t**2 + 86*t - 716. What is p(32)?
-12
Let s(k) = -2*k**3 + 15*k**2 - 15*k + 189. What is s(8)?
5
Let z(p) = -34*p + 2151. Give z(44).
655
Let r(z) = -4*z**3 + 51*z**2 - 38*z + 25. Calculate r(12).
1
Let w(r) = -r**3 + 9*r**2 - 32*r + 25. What is w(3)?
-17
Let a(g) = 19*g**3 + 667*g**2 + 69*g - 41. Give a(-35).
-6
Let y(u) = -51*u**2 + 12*u + 1. Calculate y(1).
-38
Let i(l) = 215*l - 3228. Calculate i(15).
-3
Let i(y) = 2*y**2 - 48*y + 249. Determine i(16).
-7
Let r(i) = -i**3 - 5*i**2 + 6*i - 13. Determine r(-5).
-43
Let a(c) = 35*c**3 - 2*c**2 + 5*c - 14. Calculate a(3).
928
Let v(w) = 5*w + 242. Give v(-35).
67
Let h(f) = f**2 - 36*f - 2508. Determine h(-36).
84
Let x(j) = -243*j - 7034. Give x(-29).
13
Let i(y) = -y**3 - 56*y**2 + 134*y + 4392. Calculate i(-57).
3
Let l(s) = -s**3 - 38*s**2 - 152*s - 502. Determine l(-34).
42
Let p(c) = c**2 + 29*c - 276. What is p(-37)?
20
Let j(w) = -4*w**3 + 22*w**2 + 18*w - 9. Give j(6).
27
Let n(h) = -550*h - 2235. Give n(-4).
-35
Let m(a) = 28*a - 185. Give m(5).
-45
Let r(c) = -58*c**2 + 334*c + 333. Determine r(-1).
-59
Let j(f) = f**3 - 5*f**2 - 11*f + 26. What is j(-4)?
-74
Let y(t) = t**2 + 182*t + 877. Give y(-5).
-8
Let p(k) = -k**3 - 7*k**2 + 4*k + 58. Calculate p(-6).
-2
Let x(g) = -5595*g - 27981. What is x(-5)?
-6
Let a(d) = 257*d + 3800. What is a(-15)?
-55
Let f(q) = 483*q - 4829. Determine f(10).
1
Let f(w) = 155*w + 616. Determine f(-4).
-4
Let s(n) = n**3 - n**2 - 30*n - 273. Calculate s(0).
-273
Let t(f) = -116*f**3 + 2*f**2 + 4*f + 2. What is t(-1)?
116
Let i(y) = 73*y**2 - 5042*y + 339. Give i(69).
-6
Let g(f) = -17*f - 6. Calculate g(3).
-57
Let u(b) = -b**2 - 41*b - 12. Calculate u(0).
-12
Let l(b) = 64*b - 566. Calculate l(10).
74
Let f(o) = o**3 + 14*o**2 - 53*o - 46. What is f(-17)?
-12
Let c(n) = -n**3 - 22*n**2 - 95*n + 9. What is c(-11)?
-277
Let t(v) = 18*v - 155. What is t(18)?
169
Let u(y) = -5*y**2 - 21*y + 6. Give u(-1).
22
Let c(z) = 2*z**3 + 11*z**2 + 23*z + 73. Determine c(-6).
-101
Let h(p) = -10*p**2 + 716*p - 7626. Give h(13).
-8
Let k(m) = -m**3 + 10*m**2 + 16*m - 28. Determine k(12).
-124
Let h(c) = -20*c + 1786. Calculate h(89).
6
Let t(m) = 3889*m - 50552. What is t(13)?
5
Let o(r) = 6*r + 286. Calculate o(6).
322
Let c(n) = n**2 - 19*n - 2005. What is c(-36)?
-25
Let u(n) = n**2 + 54*n - 496. What is u(-62)?
0
Let m(u) = -29*u + 416. Give m(23).
-251
Let u(b) = -503*b + 6. What is u(0)?
6
Let j(t) = -2*t**2 - 2*t + 6. Determine j(2).
-6
Let x(o) = 137*o - 1893. Determine x(14).
25
Let l(d) = 312*d + 2810. What is l(-9)?
2
Let b(j) = 60*j - 492. What is b(10)?
108
Let v(k) = -14*k + 619. Determine v(34).
143
Let g(d) = -34*d - 786. Determine g(-24).
30
Let r(j) = -12*j**2 + 620*j + 2907. Calculate r(56).
-5
Let w(j) = -2247*j + 18052. Give w(8).
76
Let v(r) = 2*r**2 - 259*r - 1287. Determine v(135).
198
Let d(z) = 3*z**2 - 237*z - 185. What is d(80)?
55
Let s(z) = -z**3 - 5*z**2 + 32*z + 12. Give s(-8).
-52
Let g(s) = -s**3 + 20*s**2 + 67*s + 30. Give g(23).
-16
Let a(d) = -2*d**2 - 77*d + 476. Give a(-44).
-8
Let p(o) = o**3 + 7*o**2 - 6*o + 27. What is p(-7)?
69
Let s(n) = -n**2 - 336*n - 2331. What is s(-7)?
-28
Let v(n) = -324*n + 2938. What is v(9)?
22
Let y(j) = 2*j**3 - 9*j**2 - 35*j + 136. Determine y(4).
-20
Let y(f) = 155*f + 6830. What is y(-44)?
10
Let u(v) = -37*v - 572. Determine u(-9).
-239
Let m(b) = -b**3 - 55*b**2 - 750*b - 12. Calculate m(-30).
-12
Let n(t) = t**3 + 176*t**2 + 2415*t - 26. Calculate n(-15).
-26
Let m(o) = -24*o**2 + 117*o - 1. Calculate m(5).
-16
Let k(t) = 18*t**3 - 3*t**2 - 2*t - 2. Determine k(-2).
-154
Let x(q) = -4